Let i(r) = -r**3 - 10*r**2 - 58*r - 584. What is i(-13)?
677
Let m(f) = 13*f**3 + 3*f**2 - 125*f + 247. Give m(2).
113
Let j(f) = -f**2 - 326*f - 7926. Give j(-300).
-126
Let j(n) = -n**2 - 1595*n - 15859. What is j(-10)?
-9
Let f(r) = -543*r**2 + 4882*r + 42. Calculate f(9).
-3
Let t(b) = -b**3 + 116*b**2 - 125*b + 298. Calculate t(115).
-852
Let f(i) = 22150*i - 686636. Calculate f(31).
14
Let t(m) = -59*m**3 + 11*m**2 + 17*m - 49. What is t(-3)?
1592
Let y(o) = o**3 + 28*o**2 + 269*o + 11224. Calculate y(-31).
2
Let r(o) = o**3 - 114*o**2 + 2347*o + 170. Determine r(87).
-4
Let t(w) = 290*w + 73424. Calculate t(-252).
344
Let s(z) = 17*z**2 + 1928*z - 3107. Give s(-115).
-2
Let o(k) = -2*k**2 - 530*k - 18130. Determine o(-224).
238
Let z(r) = -r**3 + 223*r**2 - 10265*r - 279. Calculate z(65).
46
Let z(j) = -17341*j - 329555. What is z(-19)?
-76
Let w(t) = -t**3 + 19*t**2 + 106*t - 360. What is w(-9)?
954
Let d(z) = -2545*z - 173138. Determine d(-68).
-78
Let b(h) = -h**3 + 18*h**2 + 78*h - 1861. Determine b(14).
15
Let d(w) = -w**3 + 21*w**2 - 1011*w + 17298. Calculate d(18).
72
Let g(l) = -1593433*l + 1593431. What is g(1)?
-2
Let k(a) = a**2 + 5238*a + 73130. Calculate k(-14).
-6
Let j(w) = -w**3 - 3*w**2 + 30021*w + 150068. Calculate j(-5).
13
Let h(p) = 31*p**3 + 2076*p**2 - 51*p + 39. Give h(-67).
-1033
Let w(q) = -2181*q - 19600. Determine w(-9).
29
Let p(c) = c**2 + 82*c + 1499. What is p(-55)?
14
Let j(i) = 79242*i - 7607188. Determine j(96).
44
Let q(r) = -r**2 + 53982*r - 539736. Determine q(10).
-16
Let i(k) = 9*k**3 - 155*k**2 + 165*k - 2257. Calculate i(17).
-30
Let l(h) = -5*h**3 - 1135*h**2 - 3409*h - 6. What is l(-3)?
141
Let c(q) = q**3 - 170*q**2 - 446*q - 43454. What is c(174)?
46
Let r(y) = -4*y**3 - 12*y**2 - 31*y - 243. Determine r(-4).
-55
Let w(c) = 3*c**2 - 3561*c - 1300929. Give w(-293).
-9
Let n(k) = -16*k**3 + 6*k**2 - 190*k + 695. Calculate n(4).
-993
Let d(z) = -20946*z + 14033826. What is d(670)?
6
Let q(k) = -16*k**2 + 3026*k + 12356. What is q(-4)?
-4
Let y(v) = -8*v**2 + 942*v - 5158. Calculate y(112).
-6
Let s(q) = 2*q**2 + 368*q - 87337. Calculate s(-320).
-297
Let b(u) = 39*u**2 + 2472*u - 16248. What is b(6)?
-12
Let s(v) = 3*v**3 - 438*v**2 - 436*v - 548. Give s(147).
187
Let i(h) = 9530*h - 104834. Give i(11).
-4
Let k(d) = 2*d**2 - 238*d - 2281. What is k(-10)?
299
Let w(f) = -626*f**2 + 333*f - 11. What is w(1)?
-304
Let o(f) = f**3 - 64*f**2 + 3419*f - 115386. Give o(45).
-6
Let h(k) = -133*k**3 + k**2 + 191*k + 188. Determine h(-1).
131
Let s(h) = 4*h**3 + 218*h**2 + 109*h + 118. Calculate s(-54).
64
Let x(m) = 599433*m - 13786970. Determine x(23).
-11
Let r(o) = 4*o**3 - 103*o**2 + 480*o - 253. Calculate r(4).
275
Let a(n) = 65*n**2 + 86*n - 4840. Determine a(8).
8
Let n(q) = 104*q**2 + 935*q + 45. Give n(-7).
-1404
Let n(t) = -8*t**3 - 3*t**2 - 49*t + 192. Calculate n(0).
192
Let b(d) = -105*d - 10474. Calculate b(-99).
-79
Let j(b) = -654*b**2 - 3901*b + 60. Give j(-6).
-78
Let r(n) = -416*n**2 - 116056*n + 2225. Determine r(-279).
-7
Let z(j) = 29*j**2 - 390*j + 27. Determine z(15).
702
Let q(o) = o**3 - 84*o**2 + 326*o - 13463. Determine q(82).
-179
Let b(d) = -153079*d**2 + 612323*d - 36. Calculate b(4).
-8
Let r(c) = -30*c**2 - 703*c - 170. Calculate r(-22).
776
Let z(t) = 2*t**3 - 100*t**2 + 1170*t + 301. Calculate z(31).
53
Let z(l) = 21*l**2 + 3370*l - 30579. Give z(9).
1452
Let i(v) = v**3 - 140*v**2 - 2*v + 1707. Give i(140).
1427
Let o(n) = n**3 - 12*n**2 - 74*n + 218. What is o(16)?
58
Let n(k) = 85*k - 1928. What is n(26)?
282
Let s(d) = -20699*d + 745251. Determine s(36).
87
Let r(s) = -s**2 + 111*s + 384368. Give r(-567).
-58
Let x(l) = -7644*l + 1322364. Give x(173).
-48
Let t(z) = -2*z**3 + 241*z**2 - 58*z - 35599. Give t(119).
-18
Let a(l) = -l**3 - 95*l**2 - 888*l - 9664. What is a(-86)?
140
Let p(h) = -1266*h**2 - 34181*h + 20. Determine p(-27).
-7
Let w(n) = -68*n + 7057. Give w(99).
325
Let k(q) = 860*q - 80018. What is k(93)?
-38
Let d(f) = 6*f**2 + 11995*f + 71752. Give d(-6).
-2
Let o(j) = -2312*j - 1731684. Calculate o(-749).
4
Let v(r) = -16*r**2 - 280*r - 965. Calculate v(-6).
139
Let u(a) = -840*a**2 - 381369*a - 4116. Give u(-454).
-30
Let q(n) = -52578*n + 1840238. Calculate q(35).
8
Let p(y) = 152*y**2 + 6216*y + 46960. Give p(-10).
0
Let i(v) = 2*v**2 + 55*v + 35. What is i(0)?
35
Let i(p) = 2070*p - 10165. What is i(5)?
185
Let l(m) = m**3 + 2*m**2 + 950*m + 445. Determine l(0).
445
Let r(w) = 29828*w - 984306. Determine r(33).
18
Let p(q) = -1147*q - 3374. Determine p(-3).
67
Let x(m) = -4*m**2 + 1037*m - 3341. Give x(256).
-13
Let u(m) = m**3 - 9*m**2 - 69*m + 549. Determine u(6).
27
Let s(k) = -k**3 - 9*k**2 + 40181*k + 401714. Determine s(-10).
4
Let k(w) = w**3 + 104*w**2 - 351*w - 36496. What is k(-104)?
8
Let z(p) = p**2 - 146*p + 2096. Determine z(130).
16
Let h(q) = -10*q**3 + 6*q**2 - 31*q + 98. Calculate h(5).
-1157
Let q(a) = -29*a**2 + 31984*a + 64078. Calculate q(-2).
-6
Let k(r) = r**3 - 15*r**2 + 492*r - 5784. What is k(12)?
-312
Let n(z) = -z**2 - 1096*z - 8753. Determine n(-8).
-49
Let c(z) = z**3 - 13*z**2 + 916*z + 5030. Calculate c(-5).
0
Let s(x) = -x**3 + 83*x**2 - 988*x + 325. What is s(14)?
17
Let t(y) = 2673*y - 15853. Determine t(6).
185
Let d(c) = c**3 - 33*c**2 + 3620*c - 114848. Give d(32).
-32
Let l(j) = -31*j - 2336. Give l(15).
-2801
Let n(u) = 155*u + 5242. Give n(-32).
282
Let l(x) = x**3 + x**2 - 722*x - 7653. Determine l(-17).
-3
Let d(s) = -s**2 + 692*s - 88467. What is d(523)?
-80
Let s(n) = -3205*n + 57603. Calculate s(18).
-87
Let x(i) = -276*i**2 + 125573*i + 3187. What is x(455)?
2
Let a(b) = 12*b**2 - 5*b - 2396. Calculate a(-14).
26
Let x(s) = -2*s**3 - 70*s**2 + 159*s + 510. Determine x(-37).
103
Let x(u) = u**3 - 108*u**2 + 10*u - 957. Calculate x(108).
123
Let x(w) = -w**3 - 318*w**2 - 963*w - 5630. Give x(-315).
40
Let p(l) = 61*l**3 + 6407*l**2 + 208*l - 229. Determine p(-105).
-19
Let j(t) = -20*t**2 + 13785*t + 68857. Calculate j(-5).
-568
Let m(i) = -58*i**2 - 21868*i - 749. Determine m(-377).
5
Let k(l) = -5865931*l - 11731856. What is k(-2)?
6
Let z(l) = -17458*l + 192027. Give z(11).
-11
Let m(i) = 66*i**2 - 2822*i - 84. What is m(44)?
3524
Let s(z) = 22*z**2 + 1594*z + 26552. Determine s(-26).
-20
Let p(g) = -g**2 + 183*g - 7648. What is p(126)?
-466
Let l(s) = -193379*s - 773525. Give l(-4).
-9
Let p(y) = 124*y - 400. Give p(1).
-276
Let r(s) = -2*s**3 + 24*s**2 + 13098*s - 157166. Calculate r(12).
10
Let q(m) = -6204*m + 37212. Give q(6).
-12
Let g(b) = -5*b**3 + 248*b**2 - 1241*b + 361. What is g(44)?
-35
Let s(m) = 43720*m + 43695. Calculate s(-1).
-25
Let r(m) = -42438*m + 20. What is r(0)?
20
Let w(j) = j**3 - 24*j**2 + 62*j + 144. Calculate w(18).
-684
Let p(m) = -m**3 + 218*m**2 - 1841*m - 8374. Calculate p(209).
-14
Let j(y) = -y**3 + 73*y**2 - 2390*y + 166895. What is j(72)?
-1
Let j(n) = n**3 - 577*n**2 + 7365*n - 18610. Calculate j(564).
2
Let s(c) = -91*c + 312. Calculate s(76).
-6604
Let q(j) = -216*j - 18962. Give q(-84).
-818
Let c(h) = -518481*h - 5703288. Calculate c(-11).
3
Let o(z) = -31*z**2 + 55*z - 128. Determine o(3).
-242
Let t(a) = -9361*a**2 + 112334*a - 27. Give t(12).
-3
Let l(y) = y**3 + 75*y**2 + 97*y - 17731. Calculate l(-70).
-21
Let x(m) = 13*m**2 + 19*m - 107. Give x(6).
475
Let o(j) = j**3 + 163*j**2 - 1124*j + 11224. What is o(-170)?
4
Let w(l) = l**3 - 11*l**2 - 18*l - 21. What is w(13)?
83
Let z(p) = p**3 + 259*p**2 + 268*p + 2574. Calculate z(-258).
-6
Let u(s) = 3*s**2 - 933*s - 5761. Give u(-6).
-55
Let y(o) = 89*o**2 - 132*o + 552. Determine y(4).
1448
Let c(w) = w**3 + 399*w**2 - 6210*w + 92. Calculate c(-414).
92
Let b(r) = 535*r + 3895. Give b(-7).
150
Let a(c) = -c**2 - 155*c - 3316. Calculate a(-33).
710
Let h(v) = 225*v**2 - 27276*v + 6167. Calculate h(121).
-4
Let p(g) = -g**2 + 17637*g - 211491. Calculate p(12).
9
Let g(m) = 2*m**3 - 381*m**2 + 259*m - 12998. What is g(190)?
112
Let u(n) = 1293*n + 223709. What is u(-173)?
20
Let k(n) = -79534*n + 3260931. Calculate k(41).
37
Let r(x) = 53612*x + 482504. Calculate r(-9).
-4
Let k(s) = -631*s**2 - 5029*s - 32. Give k(-8).
-184
Let p(q) = -2*q**2 + 924*q + 21314. Give p(-22).
18
Let o(z) = 2356*z - 1247